ase 14.
-5
c (base 15) to base 16
c
What is -6 (base 13) in base 4?
-12
40 (base 15) to base 2
111100
What is -3 (base 13) in base 9?
-3
Convert 236 (base 8) to base 12.
112
-7c (base 15) to base 2
-1110101
Convert 35 (base 12) to base 11.
38
Convert -4 (base 12) to base 11.
-4
-203 (base 4) to base 2
-100011
Convert 72 (base 16) to base 15.
79
What is -11 (base 3) in base 16?
-4
-1 (base 5) to base 12
-1
What is 1101100 (base 2) in base 3?
11000
What is -2 (base 8) in base 13?
-2
What is -2 (base 8) in base 14?
-2
-110000 (base 2) to base 14
-36
4 (base 15) to base 13
4
What is -432 (base 8) in base 10?
-282
What is -82 (base 11) in base 15?
-60
-5 (base 14) to base 10
-5
202 (base 7) to base 3
10201
Convert 0 (base 9) to base 12.
0
Convert 6 (base 16) to base 13.
6
Convert 1022 (base 3) to base 7.
50
Convert 2 (base 15) to base 12.
2
What is -10 (base 6) in base 13?
-6
What is -42 (base 5) in base 16?
-16
What is 50 (base 7) in base 9?
38
Convert 65 (base 9) to base 16.
3b
-244 (base 8) to base 12
-118
Convert 4b (base 16) to base 12.
63
What is -10 (base 3) in base 16?
-3
-1 (base 16) to base 14
-1
Convert 3 (base 16) to base 8.
3
-5 (base 9) to base 7
-5
Convert 5 (base 10) to base 3.
12
What is -b (base 14) in base 13?
-b
Convert 6 (base 15) to base 6.
10
Convert 2 (base 15) to base 9.
2
Convert -10 (base 3) to base 9.
-3
1113 (base 5) to base 12
112
Convert 24 (base 5) to base 4.
32
What is 10101000 (base 2) in base 9?
206
Convert -6 (base 15) to base 8.
-6
What is 0 (base 7) in base 2?
0
What is 220 (base 5) in base 9?
66
-2 (base 5) to base 14
-2
What is 51 (base 16) in base 9?
100
12 (base 11) to base 9
14
-353 (base 7) to base 12
-135
What is -12 (base 9) in base 13?
-b
Convert 2 (base 15) to base 9.
2
-52 (base 14) to base 8
-110
-142 (base 5) to base 7
-65
Convert 6 (base 14) to base 5.
11
Convert 21 (base 14) to base 12.
25
What is -3 (base 6) in base 3?
-10
2 (base 5) to base 12
2
What is -3 (base 4) in base 9?
-3
What is 2 (base 10) in base 4?
2
What is -1202 (base 4) in base 2?
-1100010
Convert -2 (base 5) to base 8.
-2
What is 30 (base 5) in base 13?
12
Convert -4 (base 9) to base 5.
-4
1 (base 8) to base 11
1
Convert -62 (base 8) to base 3.
-1212
-1 (base 3) to base 9
-1
-75 (base 10) to base 13
-5a
Convert -5 (base 15) to base 4.
-11
-101 (base 3) to base 14
-a
What is -100 (base 3) in base 12?
-9
Convert -21 (base 5) to base 9.
-12
What is -3 (base 5) in base 10?
-3
Convert 6 (base 15) to base 13.
6
What is 0 (base 5) in base 3?
0
What is -d (base 14) in base 2?
-1101
What is 370 (base 9) in base 12?
216
What is 12 (base 5) in base 16?
7
Convert 11 (base 2) to base 14.
3
-1c (base 13) to base 12
-21
-15 (base 13) to base 15
-13
-12 (base 4) to base 3
-20
What is -5 (base 6) in base 5?
-10
Convert -28 (base 10) to base 5.
-103
What is -2 (base 9) in base 15?
-2
What is 33 (base 4) in base 14?
11
-3a (base 11) to base 8
-53
Convert 6 (base 10) to base 5.
11
20 (base 16) to base 15
22
What is -303 (base 4) in base 8?
-63
Convert 26 (base 8) to base 13.
19
-1122 (base 3) to base 11
-40
Convert 5 (base 14) to base 13.
5
1 (base 7) to base 8
1
Convert -31 (base 10) to base 3.
-1011
What is 1 (base 13) in base 8?
1
-3 (base 5) to base 12
-3
What is 111 (base 7) in base 9?
63
What is 4 (base 5) in base 9?
4
3 (base 4) to base 16
3
Convert 11 (base 3) to base 12.
4
Convert -3 (base 9) to base 10.
-3
-23 (base 8) to base 6
-31
1 (base 5) to base 7
1
What is -3 (base 5) in base 2?
-11
-1 (base 6) to base 8
-1
Convert -4 (base 16) to base 3.
-11
-141 (base 5) to base 12
-3a
-4 (base 12) to base 9
-4
Convert -1 (base 4) to base 6.
-1
Convert 1 (base 12) to base 3.
1
What is 47 (base 11) in base 14?
39
2233 (base 4) to base 10
175
What is -1110 (base 6) in base 12?
-196
Convert 10 (base 14) to base 3.
112
What is -20 (base 5) in base 13?
-a
Convert 4 (base 5) to base 14.
4
-5 (base 11) to base 5
-10
Convert -ab (base 15) to base 12.
-115
-9 (base 15) to base 6
-13
102 (base 8) to base 5
231
Convert 2 (base 5) to base 6.
2
What is -10001 (base 3) in base 16?
-52
Convert -15 (base 16) to base 8.
-25
13 (base 11) to base 4
32
What is 19 (base 11) in base 7?
26
Convert -22 (base 10) to base 13.
-19
What is -ca (base 13) in base 5?
-1131
Convert -3 (base 5) to base 13.
-3
3 (base 16) to base 5
3
What is -101 (base 4) in base 9?
-18
What is 41 (base 7) in base 10?
29
What is 3 (base 6) in base 4?
3
What is -303 (base 4) in base 6?
-123
-1 (base 2) to base 14
-1
3 (base 8) to base 5
3
What is 10 (base 9) in base 5?
14
Convert -1101 (base 4) to base 7.
-144
-20 (base 4) to base 16
-8
Convert -8 (base 15) to base 4.
-20
-1 (base 16) to base 8
-1
What is 6 (base 14) in base 3?
20
Convert 1 (base 15) to base 13.
1
What is -2 (base 16) in base 10?
-2
Convert 31 (base 7) to base 13.
19
Convert 0 (base 7) to base 6.
0
Convert 1033 (base 4) to base 8.
117
Convert -2 (base 11) to base 6.
-2
-10 (base 3) to base 6
-3
25 (base 8) to base 3
210
Convert 47 (base 10) to base 5.
142
Convert -15 (base 8) to base 12.
-11
What is 59 (base 10) in base 11?
54
What is -1 (base 6) in base 12?
-1
What is -4 (base 7) in base 8?
-4
Convert 125 (base 10) to base 3.
11122
202 (base 4) to base 5
114
-93 (base 12) to base 8
-157
Convert 11 (base 2) to base 13.
3
Convert -18 (base 14) to base 4.
-112
93 (base 15) to base 10
138
Convert 1 (base 13) to base 2.
1
Convert -8 (base 15) to base 10.
-8
-3 (base 11) to base 3
-10
What is -2 (base 7) in base 4?
-2
0 (base 9) to base 5
0
What is 0 (base 11) in base 16?
0
What is 3 (base 4) in base 16?
3
-107 (base 14) to base 8
-313
Convert -410 (base 8) to base 13.
-174
Convert a (base 11) to base 4.
22
Convert 1 (base 13) to base 15.
1
What is 1 (base 3) in base 6?
1
What is -8 (base 10) in base 16?
-8
What is 2 (base 8) in base 14?
2
What is -5 (base 8) in base 2?
-101
What is -8 (base 13) in base 5?
-13
What is 8 (base 9) in base 5?
13
What is -1000 (base 2) in base 4?
-20
1 (base 13) to base 14
1
-134 (base 9) to base 6
-304
-1000 (base 2) to base 9
-8
Convert 1 (base 12) to base 4.
1
Convert 2 (base 7) to base 10.
2
Convert -1 (base 7) to base 11.
-1
Convert -3 (base 4) to base 14.
-3
What is -1 (base 3) in base 5?
-1
-17 (base 8) to base 12
-13
What is 23 (base 9) in base 11?
1a
Convert 321 (base 4) to base 2.
111001
What is 12 (base 3) in base 6?
5
Convert d (base 16) to base 8.
15
What is 23 (base 5) in base 11?
12
What is -112 (base 10) in base 11?
-a2
5 (base 15) to base 8
5
What is 2 (base 9) in base 4?
2
Convert -13 (base 9) to base 12.
-10
141 (base 8) to base 7
166
22 (base 8) to base 9
20
-4 (base 15) to base 8
-4
Convert -b (base 14) to base 2.
-1011
Convert 168 (base 10) to base 4.
2220
52 (base 11) to base 9
63
1 (base 8) to base 3
1
Convert -100 (base 2) to base 5.
-4
3 (base 13) to base 12
3
8 (base 10) to base 2
1000
3 (base 5) to base 13
3
What is 4 (base 16) in base 7?
4
102 (base 4) to base 2
10010
Convert -c (base 15) to base 6.
-20
Convert 15 (base 11) to base 4.
100
Convert -14 (base 16) to base 6.
-32
-3 (base 12) to base 14
-3
15 (base 8) to base 13
10
Convert -6 (base 7) to base 8.
-6
4 (base 7) to base 14
4
-3 (base 7) to base 9
-3
What is 81 (base 12) in base 8?
141
Convert -32 (base 16) to base 7.
-101
What is -1 (base 5) in base 15?
-1
Convert -100001 (base 2) to base 9.
-36
Convert -4 (base 5) to base 8.
-4
What is 12 (base 15) in base 12?
15
What is -14 (base 13) in base 7?
-23
What is 2b (base 13) in base 14?
29
What is -2111 (base 3) in base 10?
-67
Convert 541 (base 6) to base 9.
247
1 (base 7) to base 6
1
-3c (base 15) to base 6
-133
Convert 62 (base 13) to base 16.
50
Convert 16 (base 16) to base 14.
18
-3 (base 7) to base 13
-3
What is 41 (base 10) in base 3?
1112
-103 (base 5) to base 4
-130
Convert 1 (base 3) to base 12.
1
Convert -26 (base 13) to base 12.
-28
Convert 10 (base 2) to base 15.
2
Convert 0 (base 8) to base 14.
0
What is -10020 (base 3) in base 10?
-87
Convert -1 (base 8) to base 6.
-1
1 (base 10) to base 3
1
What is -3c (base 15) in base 3?
-2010
Convert 231 (base 8) to base 6.
413
-1 (base 7) to base 10
-1
-76 (base 12) to base 6
-230
-34 (base 13) to base 15
-2d
What is 24 (base 5) in base 4?
32
Convert 2c (base 16) to base 5.
134
Convert -132 (base 12) to base 10.
-18